
4a7
In base 11, what is 569 - 1?
568
In base 10, what is 43 + 6?
49
In base 4, what is -30011 + 2?
-30003
In base 2, what is -110101 + 101010?
-1011
In base 3, what is 10 + 122011?
122021
In base 8, what is -14 - 163?
-177
In base 8, what is 1604 - 0?
1604
In base 9, what is 701 + -7?
683
In base 4, what is 0 + -100?
-100
In base 8, what is 16 + 444?
462
In base 6, what is 1500 - -1?
1501
In base 15, what is -c + -9?
-16
In base 13, what is 24 + 9?
30
In base 16, what is 10 - -27?
37
In base 9, what is 51 - -17?
68
In base 16, what is 9 - -294?
29d
In base 10, what is -2 + -174?
-176
In base 10, what is 39 - -34?
73
In base 15, what is -1 + 9e1?
9e0
In base 10, what is 4 + 605?
609
In base 16, what is -362 + -1?
-363
In base 15, what is -5 - -8d?
88
In base 11, what is -a + -139?
-148
In base 8, what is 1421 + 5?
1426
In base 6, what is 0 - -204?
204
In base 11, what is -10 + 82?
72
In base 16, what is -51 - -3?
-4e
In base 10, what is -4301 - -4?
-4297
In base 6, what is -4 - -50?
42
In base 16, what is -ec - 4?
-f0
In base 4, what is -30311 + 20?
-30231
In base 10, what is 23289 - -4?
23293
In base 8, what is -3 + 122?
117
In base 15, what is 2b - e0?
-b4
In base 3, what is 21102 + -11?
21021
In base 14, what is -88a - 10?
-89a
In base 16, what is 4d5 - -6?
4db
In base 15, what is 3 + d?
11
In base 8, what is -61 - -2?
-57
In base 15, what is 3 + -b?
-8
In base 16, what is 4 - -2fd?
301
In base 10, what is 8 - 499?
-491
In base 9, what is -256 - 3?
-260
In base 13, what is 2 + 129?
12b
In base 13, what is -440 + 23?
-41a
In base 7, what is 1245 + 64?
1342
In base 10, what is 600 + -5?
595
In base 2, what is -100 - 1001111?
-1010011
In base 15, what is a - -5?
10
In base 9, what is -257 + -20?
-277
In base 16, what is -3 + -7e?
-81
In base 4, what is 2 + -3102?
-3100
In base 2, what is 10 + 10010110?
10011000
In base 9, what is 42 - -345?
387
In base 11, what is 33 - 26?
8
In base 12, what is 118 + -16?
102
In base 12, what is 10 + 16?
26
In base 2, what is 10011 + 1000?
11011
In base 6, what is 331 - 1?
330
In base 8, what is 240 - -5?
245
In base 2, what is -10010 + 1010010?
1000000
In base 7, what is -3004 + 6?
-2665
In base 6, what is -4 - 23?
-31
In base 13, what is -4 + -62?
-66
In base 3, what is 1010002 + -2?
1010000
In base 14, what is -1d - -c?
-11
In base 5, what is -3 + 42?
34
In base 3, what is 12 + -10112?
-10100
In base 6, what is -113 - -1?
-112
In base 12, what is 1a + 10?
2a
In base 15, what is -22a - 3?
-22d
In base 15, what is 46 - -3?
49
In base 6, what is 5 - -353?
402
In base 11, what is -2 + -66?
-68
In base 14, what is -2 + -2c?
-30
In base 14, what is 217 - 5?
212
In base 4, what is 22303 + 0?
22303
In base 15, what is -1a50 - 3?
-1a53
In base 8, what is 4 - 723?
-717
In base 14, what is -86 - 3?
-89
In base 15, what is 17c - 7?
175
In base 9, what is 24 + 10?
34
In base 3, what is 122 - 1111?
-212
In base 4, what is 232 - -2230?
3122
In base 4, what is -121000 - -20?
-120320
In base 6, what is -22 - 2103?
-2125
In base 14, what is 5 - 19?
-14
In base 7, what is 3 + -26?
-23
In base 9, what is 3 + -125?
-122
In base 15, what is -173 + -13?
-186
In base 16, what is -41 + -1?
-42
In base 10, what is -2 - 1764?
-1766
In base 6, what is 0 + -1152?
-1152
In base 15, what is 27c - 5?
277
In base 7, what is -13 + 23?
10
In base 13, what is -5 - -1b4b?
1b46
In base 16, what is 9 + -10?
-7
In base 4, what is 1 - 1310201?
-1310200
In base 16, what is 1 + -156e?
-156d
In base 4, what is -10331 - -11?
-10320
In base 9, what is 3 - 328?
-325
In base 13, what is -4 + 387?
383
In base 3, what is -20002021 + 11?
-20002010
In base 8, what is 4551 + 3?
4554
In base 12, what is 10 - -2?
12
In base 7, what is -5 - 153?
-161
In base 7, what is 21 - -555?
606
In base 14, what is 337 + 0?
337
In base 6, what is 5 + -31541?
-31532
In base 2, what is -11101111000 + 100?
-11101110100
In base 14, what is -20 - -b?
-13
In base 14, what is -2748 - -5?
-2743
In base 14, what is -3 + -30?
-33
In base 4, what is 111 - 102?
3
In base 8, what is -21 + -16?
-37
In base 16, what is 5 + -261?
-25c
In base 3, what is 11 - 1202?
-1121
In base 15, what is 485 + -9?
47b
In base 2, what is -11 + 10110011101?
10110011010
In base 2, what is 11100 - -1101101?
10001001
In base 11, what is -38 - -1?
-37
In base 15, what is 24 - 5?
1e
In base 4, what is -133 - 23?
-222
In base 5, what is -4014 - 3?
-4022
In base 7, what is 34 + -36?
-2
In base 2, what is -101011101 - 1?
-101011110
In base 9, what is 2031 + -3?
2027
In base 2, what is -10100010011 - 1001?
-10100011100
In base 2, what is -1000100 + 101?
-111111
In base 14, what is -44 + a7?
63
In base 3, what is -2 + 1021?
1012
In base 5, what is 31233 - 0?
31233
In base 12, what is -18 - -1aa?
192
In base 14, what is 8 - -10?
18
In base 9, what is 323 - 0?
323
In base 5, what is 240 - -2?
242
In base 16, what is -3 - -3c9?
3c6
In base 12, what is -1323 - -3?
-1320
In base 2, what is 11 - -1111?
10010
In base 3, what is -1212122 - -10?
-1212112
In base 2, what is 11 + 1111100?
1111111
In base 6, what is 4 - -2013?
2021
In base 10, what is -941 + 2?
-939
In base 12, what is 11b8 - 1?
11b7
In base 10, what is 3 + -13?
-10
In base 10, what is 40 - 82?
-42
In base 14, what is -2d - d?
-3c
In base 16, what is adc + 1?
add
In base 2, what is 110011101001 - -101?
110011101110
In base 9, what is 0 + 57?
57
In base 2, what is 1001101010110 - -1?
1001101010111
In base 9, what is 4 + 21?
25
In base 15, what is 10 + 5?
15
In base 4, what is 101 - 21?
20
In base 16, what is 57e6 + 3?
57e9
In base 14, what is 6 - -10?
16
In base 2, what is 10001 + -10101?
-100
In base 12, what is 1 - -31?
32
In base 11, what is 30 - 4?
27
In base 11, what is a - 19?
-a
In base 8, what is 204 + 164?
370
In base 4, what is -10 + 2332?
2322
In base 7, what is 13 + 155?
201
In base 2, what is 10 + -11001?
-10111
In base 14, what is -25 - 47?
-6c
In base 13, what is 1039 + 0?
1039
In base 8, what is 7 + -241?
-232
In base 4, what is 1 - -331233?
331300
In base 12, what is 121 - 4?
119
In base 12, what is b6 + 2?
b8
In base 13, what is 2 - -5c3?
5c5
In base 9, what is 163 - 5?
157
In base 12, what is -4a + -1?
-4b
In base 6, what is -5 + 105?
100
In base 14, what is 4 + 95?
99
In base 2, what is 11011011110011 - -1?
11011011110100
In base 9, what is -8 + 141?
132
In base 2, what is 10 - -1010101010?
1010101100
In base 3, what is 120001002 + -11?
120000221
In base 2, what is -1 - 11100?
-11101
In base 10, what is -3081 + -4?
-3085
In base 10, what is 317 - 4?
313
In base 6, what is -1 + -5325?
-5330
In base 15, what is -3 + -c0?
-c3
In base 10, what is 24 + -6?
18
In base 5, what is 11332 + -1?
11331
In base 15, what is a + 2?
c
In base 9, what is 37 - -12?
50
In base 15, what is 4 + 2c?
31
In base 16, what is -4 - -17?
13
In base 9, what is -17 + -5?
-23
In base 12, what is 1b4 + -1?
1b3
In base 15, what is 4 + 83c?
841
In base 13, what is 330 + 1?
331
In base 10, what is -1333 - 0?
-1333
In base 2, what is -101 - 11010010?
-11010111
In base 11, what is -25 - 4?
-29
In base 13, what is -1 - -1c?
1b
In base 9, what is 4 - -676?
681
In base 10, what is -2722 + -10?
-2732
In base 2, what is -100 - 1011?
-1111
In base 3, what is 0 + -102201110?
-102201110
In base 2, what is -10000010101 + -10?
-10000010111
In base 2, what is -1000111001110 + -10?
-1000111010000
In base 7, what is 4 - -4454?
4461
In base 12, what is 290 + 11?
2a1
In base 10, what is 3 + 218?
221
In base 3, what is 10 + 11020112?
11020122
In base 4, what is -1212320 + -3?
-1212323
In base 9, what is 268 - -35?
314
In base 10, what is -5647 + 1?
-5646
In base 4, what is -221320 + -3?
-221323
In base 12, what is 1605 + -5?
1600
In base 14, what is 7 + c6?
cd
In base 2, what is 101 + 10011?
11000
In base 16, what is -49 + 24?
-25
In base 10, what is 4 - -168?
172
In base 5, what is -12040 + 21?
-12014
In base 16, what is 4 + 0?
4
In base 5, what is -1442 - -11?
-1431
In base 6, what is 4 - -42?
50
In base 5, what is -3 + -11?
-14
In base 4, what is 13230 - 10?
13220
In base 16, what is 10 - -20?
30
In base 12, what is 6 + 56?
60
In base 3, what is -110 - -11?
-22
In base 3, what is 11 - -2?
20
In base 9, what is 52 - 11?
41
In base 6, what is -113 - -10?
-103
In base 15, what is b9 - 2?
b